
-3
Let h = -1 + 7. Let d(u) = 8*u**3 + 3*u**2 - 5*u + 2. Let g(z) = -23*z**3 - 9*z**2 + 15*z - 5. Let s(q) = h*g(q) + 17*d(q). Calculate s(-3).
16
Let v(y) = 4 + 5*y + 4*y**2 - 2*y**2 + 0*y**2. Let r = 4 + 4. Suppose 0 = r*p - 11*p - 9. Calculate v(p).
7
Let d(j) be the third derivative of j**6/120 + j**5/10 - j**4/6 + 5*j**3/3 - 107*j**2. Determine d(-7).
-11
Let a(o) = 19*o**3 - 4*o**2 + 15*o - 13. Let g(u) = -269 - 9*u**3 - 3*u**2 - 7*u + 275 + 5*u**2. Let p(x) = 6*a(x) + 13*g(x). Let j = 2 - 1. Calculate p(j).
-2
Let c(q) be the third derivative of 0 + 11*q**2 + 5/24*q**4 + 0*q + 1/3*q**3 - 1/60*q**5. Give c(4).
6
Let b(a) be the first derivative of a**4/4 + a**3 + a**2/2 - 2*a + 377. Give b(-3).
-5
Suppose -5*k + 0*k = -3*m - 14, -3*k = 2*m - 16. Let y(n) = -n**2 + 2*n. What is y(m)?
0
Let a(g) = -g + 9. Let v(j) = j**3 - 9*j**2 + 13*j + 16. Let c = -58 + 65. Let s be v(c). Determine a(s).
0
Let i(t) = 4*t + 11. Let s(o) = 1. Let p(x) = i(x) - 4*s(x). Determine p(-5).
-13
Let n(a) be the third derivative of -a**7/840 - a**6/60 - a**5/20 - 5*a**4/24 - 4*a**3/3 + 4*a**2. Let b(q) be the first derivative of n(q). Determine b(-5).
0
Let b(l) = -207 + 409 - 203 + 3*l. Determine b(-1).
-4
Suppose 5*j = -2*x + 17, 0 = -j - 3*x - 7. Let f(q) = -4 - 2 - 2*q + j. Let a be (3 - (4 + 21/(-12)))*-4. Calculate f(a).
5
Let l = 237 + -232. Let g(p) = -p**3 + 7*p**2 - 11*p + 11. Calculate g(l).
6
Let n(j) = 10*j**3 - 24*j**2 + 4*j + 14. Let h(p) = -2*p**3 + 5*p**2 - p - 3. Let s(u) = -14*h(u) - 3*n(u). Let v = -69 - -71. Determine s(v).
-4
Let w(u) be the third derivative of -u**4/24 - 13*u**3/6 - 30*u**2. Let h be w(-7). Let l(y) = -y - 6. What is l(h)?
0
Let x(v) be the first derivative of -v**3/3 - 5*v**2/2 + 10*v - 15. Let s be x(-6). Let k(z) = 4*z - 3. What is k(s)?
13
Let x = 355 - 351. Let k(b) = -b - 3. What is k(x)?
-7
Let h = -916 - -916. Let n(t) = -2*t - 3. Determine n(h).
-3
Suppose -4*y = 4, 4*y + 22 = 5*b + 2*y. Suppose 5*i + w + 15 = -b*w, -5*w - 25 = 0. Suppose -p = i*p. Let v(o) = -o**3 - o - 4. Give v(p).
-4
Suppose -w + 18*w - 68 = 0. Suppose 4*u = 5*x - 16 + w, 0 = 4*x. Let k(z) = -2*z**2 + 1. Give k(u).
-17
Let g(v) = 0 - 14 - v**2 + 20 + 10*v + 6*v + 1. Give g(16).
7
Let h be (147/(-98))/(-1 - 7/(-4)). Let g(w) = -w + 4. Let d be g(h). Let v(z) be the third derivative of -z**5/60 + 7*z**4/24 + z**3 + z**2. What is v(d)?
12
Let d(o) = o**2 - 2*o - 6. Suppose 0 = 8*h + 2 - 42. Suppose n - 15 = h*b, -6*b = 3*n - b - 5. Determine d(n).
9
Let p(s) = 6*s**2 + 4*s - 5. Let y = 60 + -54. Let q(b) = -7*b**2 - 5*b + 6. Let k(x) = y*p(x) + 5*q(x). Give k(3).
6
Let h(m) = -m**2 - 5*m + 1. Let c(l) = l**3 - 41*l**2 + 38*l + 74. Let k be c(40). Give h(k).
-5
Let v(z) = z**3 + 9*z**2 + 8*z + 12. Let j be (-1)/((-5)/(-15)) - 5. Calculate v(j).
12
Suppose t + 3*t - 3*i - 12 = 0, 0 = -4*t + i + 12. Suppose 3*f + 0*n = -2*n + 6, 0 = -n - t. Let s(l) = 3 - l**3 + f - 3*l - 7*l**2 - 2*l. What is s(-6)?
1
Let m(t) = -t**3 + 8*t**2 + 2*t - 19. Let k(g) = 6*g**2 + 9*g - 7. Let l be k(1). Give m(l).
-3
Let i(f) = f**2 - 2*f. Suppose 5*r - p - 27 = 2*p, r = 5*p + 23. Suppose r*l - 57 + 15 = 0. Let j(g) = g - 12. Let s be j(l). Give i(s).
0
Let p = 0 - -2. Suppose p*z = -6*z - 32. Let l(c) = c**2 + 3*c - 5. What is l(z)?
-1
Suppose 227 = -19*z + 341. Let n(f) be the third derivative of 0 + 0*f - 1/12*f**4 - 1/30*f**5 + 1/20*f**z - 1/6*f**3 - 6*f**2. What is n(-1)?
-7
Let d(t) = t**2 - 2*t + 4*t - 2*t**3 - t. Let m = -124 - -79. Let g be (-60)/m*3/2. Give d(g).
-10
Let d be 2 - (8 - 4)*-1. Suppose 0*j = -j - 4*n + d, 30 = 5*j + 3*n. Let k(h) = -h**2 + 6*h + 7. What is k(j)?
7
Let p(w) = -w**2 + 7*w - 1. Let o = -27 + 34. Determine p(o).
-1
Let t(j) = -3*j + 5. Let q be t(-3). Let w(s) = -20*s - q*s + 2 + 52*s - 17*s. Give w(-7).
-5
Let y(b) = b**3 - 6*b**2 - 7*b + 15. Let s(n) = 3*n**3 - 16*n**2 - 21*n + 45. Let l(v) = -6*s(v) + 17*y(v). Determine l(-7).
-15
Let m(t) = t - 2. Let c be m(2). Suppose c = -d - d + 12. Let w(f) = f**2 - 3 + d*f + 7 - f. What is w(-5)?
4
Suppose -150 = -5*g + 5*v, -2*v - v - 38 = -g. Let c be (-16)/(-104) + 22/g. Let p(y) = y**3 - y**2 - 1. Calculate p(c).
-1
Let g(a) = -1315 + 663 + 653 + a - 7*a**2. Suppose -m + 2*u + 3 = 0, 2*m + u - 6*u = 8. Calculate g(m).
-7
Let n be -7*24/(-42) + (-1)/(-1). Let i(l) be the third derivative of n*l**2 + 1/24*l**4 + 0 - 1/6*l**3 + 0*l. Calculate i(3).
2
Suppose -2*a - 4 = -0. Let u(i) = 3*i**3 + 3*i**2 - 20*i - 14. Let h(q) = -q**3 - q**2 + 9*q + 6. Let g(p) = 9*h(p) + 4*u(p). What is g(a)?
-16
Let g(r) = r + 9. Let a = -29 - -22. Let d be g(a). Let u(j) = 2*j**2 - 3*j. Calculate u(d).
2
Suppose -r + 2 - 1 = 0. Let c(k) be the second derivative of -1/12*k**4 + k + 1/6*k**3 + 1/2*k**2 + 5. Give c(r).
1
Let f = 38 - 78. Let x = f + 34. Let o(v) = 10*v - 3*v**2 + 4*v**2 - 2*v + 6. What is o(x)?
-6
Let x(n) = n**2 - 2*n + 6. Suppose -k = -8*k. Let i be x(k). Let l(j) = -4 - i + 9*j + 11. Determine l(-2).
-17
Let v(k) be the first derivative of -k**7/840 - k**6/40 + k**5/12 - 2*k**3/3 + 4*k**2 + 23. Let o(u) be the third derivative of v(u). What is o(-10)?
0
Let k(l) be the first derivative of 33*l**2/2 - l + 85. Determine k(1).
32
Let t(m) be the second derivative of m**5/20 + 5*m**4/12 + 5*m**3/6 + m**2/2 + 56*m. Give t(-4).
-3
Let l(t) = -4*t - 6 - 1 + t**3 - t - t + 4*t + 3*t**2. Calculate l(-3).
-1
Let h(j) = j + 15. Let s = -394 - -387. Determine h(s).
8
Let k(r) = r**2 - 3*r + 9. Suppose 31 = -4*f + 55. What is k(f)?
27
Let p(w) = -2*w**2 + 4*w - 3. Let l(i) = -i - 3. Let n be l(-5). Let j be p(n). Let y(c) = -c**3 - 2*c**2 + 3*c + 3. Determine y(j).
3
Let k(j) = -j**2 - 11*j + 15. Let b(n) = -n**2 + 20*n + 32. Let a be b(22). Give k(a).
3
Let b be 52/3 - 2/(-3). Let v(y) = -y**2 - y + 4. Let z be v(0). Suppose -3*o = 3*m + b, 3*m + 2*m = -z*o - 28. Let n(p) = -p**3 - 3*p**2 + 2*p - 3. Give n(m).
5
Let m be (-2)/2 - (-10 - 0 - -4). Let a(i) = -i**3 - 5*i**2 + 2. Let g(l) = 3*l**3 + 10*l**2 - l - 5. Let z(o) = -5*a(o) - 2*g(o). Determine z(m).
10
Let v = 17 - 27. Let f be (9/(-2))/(5/v). Let m(l) = 9*l**2 - 19*l**2 + 6*l + f*l**2. Calculate m(5).
5
Let j(q) = -q**2 - 29*q - 95. Let y be j(-25). Let w(g) be the first derivative of 5/2*g**2 + 1/3*g**3 - y*g + 8. Determine w(-6).
1
Let y(l) be the third derivative of -l**5/60 - 5*l**4/24 + l**3/6 + 17*l**2 + 3. Determine y(-4).
5
Let k(i) = 6*i**3 + i**2. Let l be 606/24 - 1/4. Let f = 24 - l. Give k(f).
-5
Let j(u) = -10*u + 3. Let y(x) = x**2 + x. Let k(m) = j(m) + y(m). Calculate k(9).
3
Let a be (-15)/(-45) + 95/(-15) + 6. Let x(c) = c**3 - c + 20. Give x(a).
20
Let p(n) be the first derivative of n**4/2 - n**3 + 3*n**2 - 6*n - 159. What is p(2)?
10
Let r(v) = v**3 + 0 + 2 + 2 + 724*v - 738*v + 12*v**2. Determine r(-13).
17
Let q = 18 + -18. Suppose -l = -2*b + 9, q*l - 11 = l - 3*b. Let z(f) = f + 9. Determine z(l).
4
Suppose 21*v - 5 = 20*v. Suppose -g = -v + 10. Let d(n) = -n + 1. Determine d(g).
6
Let a(k) = 3*k**2 - 10*k - 2. Let o(j) = 4*j**2 - 11*j - 1. Let s(h) = -5*a(h) + 4*o(h). Calculate s(-6).
6
Let l(y) = y**2 + 13*y - 11. Suppose o - 8 = -21. Calculate l(o).
-11
Let l = 45 - 45. Let w(h) = -4*h - 9. Let r be w(l). Let y(n) = -n**3 - 9*n**2 - n - 2. Give y(r).
7
Let y(o) = 37*o**3 + 18*o**2 - 26*o + 37. Let x(v) = -13*v**3 - 6*v**2 + 9*v - 13. Let d(f) = 17*x(f) + 6*y(f). What is d(-5)?
41
Suppose 13*k + 15 = 18*k. Let n(x) be the third derivative of -x**4/24 + x**3/6 - 2*x**2. Let y(o) = 2*o. Let i(h) = 3*n(h) + 2*y(h). Give i(k).
6
Suppose -4*n = 16*v - 11*v - 45, -2*n = 0. Let a(h) = h**2 - 6*h + 17. Determine a(v).
44
Let y(j) = 4*j + 0 + 2*j**2 + 0*j**2 - 1. Suppose 4*x + 4*b + 12 + 8 = 0, -b = 2*x + 8. Calculate y(x).
5
Let t(s) = -2*s - 9. Let v(u) = -u**2 + 12*u + 2. Let d be v(9). Let c = -17 + d. Suppose -4*p - c = -2*p. What is t(p)?
3
Let w(x) = -x + 8. Suppose -5 = -o - 4*d - 10, -4*o + 31 = -d. Determine w(o).
1
Let h = 32 - 26. Let l(o) = o - 5. Let y(j) = 2*j - 10. Let g(i) = -7*l(i) + 4*y(i). Determine g(h).
1
Let m = 2 - 29. Let n = 187 - 215. Let b = n - m. Let q(x) = -7*x**2 - x. Calculate q(b).
-6
Let x(s) = s + 7174 + s - 7176. Give x(0).
-2
Let m(i) = i**2 - i - 43. Let u = -657 - -651. Calculate m(u